tiple of 8?
True
Is 1794436 a multiple of 3?
False
Is 1891 a factor of 4413594?
True
Does 2 divide 680803?
False
Is 2413683 a multiple of 9?
True
Does 22 divide 15057042?
True
Is 1883489 a multiple of 602?
False
Does 82 divide 133578?
True
Is 1132690 a multiple of 257?
False
Is 261543 a multiple of 122?
False
Does 111 divide 4606611?
True
Is 12 a factor of 3355072?
False
Is 29 a factor of 360790?
False
Is 28 a factor of 16408?
True
Does 28 divide 325758?
False
Is 40 a factor of 15266600?
True
Is 1993392 a multiple of 508?
True
Is 3846789 a multiple of 1124?
False
Does 224 divide 646240?
True
Does 32 divide 267328?
True
Is 509 a factor of 2077229?
True
Is 33 a factor of 37257?
True
Is 362586 a multiple of 175?
False
Is 17 a factor of 1079500?
True
Is 249 a factor of 9711?
True
Does 193 divide 191456?
True
Is 30 a factor of 250682?
False
Is 16061364 a multiple of 44?
True
Is 658763 a multiple of 145?
False
Is 23 a factor of 453215?
True
Is 24 a factor of 2318158?
False
Is 254403 a multiple of 295?
False
Does 97 divide 98433?
False
Is 3965624 a multiple of 136?
True
Does 20 divide 2197160?
True
Does 3 divide 2236814?
False
Is 22 a factor of 1165779?
False
Is 1860 a factor of 7264949?
False
Is 426600 a multiple of 450?
True
Does 424 divide 1226208?
True
Is 25 a factor of 104482?
False
Is 4257926 a multiple of 1262?
False
Is 151525 a multiple of 17?
False
Is 2 a factor of 6185?
False
Is 497 a factor of 8202?
False
Is 4961 a multiple of 6?
False
Is 2575 a multiple of 3?
False
Is 36702 a multiple of 150?
False
Is 23673 a multiple of 39?
True
Is 358247 a multiple of 4?
False
Is 1331299 a multiple of 5?
False
Does 11 divide 445211?
False
Is 7 a factor of 13370?
True
Does 8 divide 99576?
True
Does 58 divide 4348144?
True
Is 17820144 a multiple of 846?
True
Does 278 divide 1376656?
True
Is 19370 a multiple of 65?
True
Is 12 a factor of 2156046?
False
Is 2053517 a multiple of 124?
False
Is 222465 even?
False
Does 85 divide 23741?
False
Does 2 divide 23349?
False
Is 206273 a multiple of 14?
False
Is 209664 a multiple of 13?
True
Is 93222 a multiple of 5?
False
Is 263 a factor of 3065128?
False
Is 212836 a multiple of 24?
False
Does 51 divide 393057?
True
Does 81 divide 120953?
False
Does 504 divide 974445?
False
Is 14 a factor of 912996?
True
Does 33 divide 1236543?
True
Is 167364 a multiple of 13?
False
Is 113 a factor of 4412085?
True
Is 688375 a multiple of 25?
True
Does 13 divide 731066?
False
Is 592 a factor of 8001670?
False
Is 315 a factor of 188331?
False
Does 27 divide 66285?
True
Does 8 divide 323797?
False
Is 16 a factor of 3950272?
True
Is 93 a factor of 198416?
False
Is 130 a factor of 220180?
False
Is 2 a factor of 148207?
False
Is 616 a factor of 1378886?
False
Does 424 divide 317027?
False
Is 5988624 a multiple of 24?
True
Is 5153530 a multiple of 223?
True
Is 23 a factor of 281543?
True
Is 24 a factor of 310628?
False
Does 16 divide 444317?
False
Is 34 a factor of 838521?
False
Is 410016 a multiple of 48?
True
Is 4522050 a multiple of 90?
True
Does 49 divide 7646156?
True
Does 131 divide 48788?
False
Is 95312 a multiple of 161?
True
Does 124 divide 209436?
True
Does 96 divide 17725?
False
Does 11 divide 28582?
False
Does 123 divide 151413?
True
Does 236 divide 237730?
False
Is 736 a factor of 493120?
True
Does 81 divide 94649?
False
Is 10104271 a multiple of 10?
False
Does 31 divide 2678456?
False
Does 16 divide 9755?
False
Does 1595 divide 1709840?
True
Is 246240 a multiple of 270?
True
Does 88 divide 279371?
False
Is 274 a factor of 75350?
True
Is 259 a factor of 53560?
False
Is 1187971 a multiple of 11?
False
Is 164 a factor of 5319425?
False
Is 1079024 a multiple of 17?
True
Does 60 divide 4246500?
True
Is 65474 a multiple of 38?
True
Does 1103 divide 14794391?
False
Does 211 divide 767162?
False
Does 123 divide 1098782?
False
Is 10 a factor of 92221?
False
Does 107 divide 2726293?
False
Is 17 a factor of 538305?
True
Does 344 divide 2851072?
True
Is 1433 a factor of 19349799?
True
Is 1246 a multiple of 7?
True
Is 36127555 a multiple of 12?
False
Is 2985535 a multiple of 78?
False
Is 91013 a multiple of 312?
False
Is 33 a factor of 7416161?
False
Is 21 a factor of 754257?
True
Is 203708 a multiple of 248?
False
Is 61 a factor of 1215608?
True
Is 115 a factor of 32315?
True
Is 25 a factor of 3690236?
False
Is 429142 a multiple of 203?
True
Is 10 a factor of 1692032?
False
Is 741 a factor of 6468189?
True
Is 2370535 a multiple of 21?
False
Is 562757 a multiple of 496?
False
Is 152544 a multiple of 17?
False
Is 44288 a multiple of 32?
True
Is 197035 a multiple of 69?
False
Is 362 a factor of 39075?
False
Is 16269798 a multiple of 20?
False
Is 111871 a multiple of 10?
False
Is 237 a factor of 142200?
True
Does 21 divide 378021?
True
Does 10 divide 15611260?
True
Is 16 a factor of 4564588?
False
Does 11 divide 31074?
False
Does 19 divide 80180?
True
Is 111 a factor of 190587?
True
Does 20 divide 1763040?
True
Is 19997 a multiple of 15?
False
Is 4680 a multiple of 8?
True
Is 29886 a multiple of 7?
False
Is 7 a factor of 113652?
True
Is 53 a factor of 421456?
True
Is 22 a factor of 9919964?
False
Is 415858 a multiple of 40?
False
Is 440 a factor of 14989707?
False
Is 6 a factor of 12627297?
False
Is 12599 a multiple of 5?
False
Does 123 divide 1841?
False
Is 212 a factor of 66469?
False
Does 534 divide 2713788?
True
Is 40 a factor of 4870400?
True
Is 4012959 a multiple of 83?
False
Does 24 divide 3736645?
False
Is 1280943 a multiple of 3?
True
Does 9 divide 558953?
False
Is 17 a factor of 2781609?
False
Does 23 divide 1993833?
False
Does 17 divide 3645616?
True
Does 199 divide 5459261?
False
Is 1114174 a multiple of 14?
False
Is 163 a factor of 199186?
True
Is 1047440 a multiple of 118?
False
Is 281 a factor of 138533?
True
Is 6840 a multiple of 79?
False
Is 2484285 a multiple of 87?
True
Is 99317 a multiple of 5?
False
Is 49 a factor of 40589?
False
Is 3172229 a multiple of 387?
False
Does 3 divide 1782?
True
Is 568 a factor of 114736?
True
Is 17 a factor of 910752?
False
Is 6892431 a multiple of 13?
True
Is 59 a factor of 1383078?
True
Does 101 divide 1381510?
False
Is 7733934 a multiple of 177?
False
Is 33938 a multiple of 4?
False
Is 9 a factor of 158546?
False
Is 723808 a multiple of 89?
False
Does 80 divide 132445?
False
Is 10 a factor of 9820?
True
Is 2342047 even?
False
Is 374272 a multiple of 128?
True
Does 11 divide 312713?
False
Is 11 a factor of 80850?
True
Does 15 divide 1134502?
False
Is 14 a factor of 51016?
True
Is 154 a factor of 3321934?
True
Is 48 a factor of 401376?
True
Is 400592 a multiple of 264?
False
Does 66 divide 356664?
True
Is 9 a factor of 2942460?
True
Is 1436580 a multiple of 20?
True
Is 584500 a multiple of 28?
True
Is 20 a factor of 3194929?
False
Does 504 divide 11976048?
True
Is 28 a factor of 113483?
False
Is 60 a factor of 5554030?
False
Is 145 a factor of 4857934?
False
Does 442 divide 8683532?
True
Does 52 divide 21464612?
True
Is 693 a factor of 1634787?
True
Is 4 a factor of 36500?
True
Is 2 a factor of 14536?
True
Is 143936 a multiple of 13?
True
Is 27844943 a multiple of 119?
False
Is 164 a factor of 114925?
False
Is 72 a factor of 144720?
True
Is 21 a factor of 823179?
True
Is 6490006 a multiple of 14?
False
Does 63 divide 229257?
True
Is 103112 a multiple of 146?
False
Is 17 a factor of 1142706?
True
Does 125 divide 5000?
True
Does 68 divide 43981?
False
Is 445621 a multiple of 16?
False
Is 2866740 a multiple of 400?
False
Does 153 divide 440334?
True
Does 32 divide 457280?
True
Is 361646 a multiple of 38?
True
Is 89224 a multiple of 326?
False
Is 17 a factor of 1569147?
False
Is 70455 a multiple of 120?
False
Does 248 divide 277344?
False
Does 61 divide 14192?
False
Is 4336076 a multiple of 91?
False
Is 1219055 a multiple of 290?
False
Is 1220656 a multiple of 11?
False
Does 11 divide 66957?
True
Is 68 a factor of 155113?
False
Is 2217 a multiple of 4?
False
Does 2 divide 35433?
False
Is 1682694 a multiple of 27?
True
Is 2338898 a multiple of 305?
False
Does 632 divide 8455093?
False
Is 22896 a multiple of 248?
False
Is 92510 a multiple of 319?
True
Does 738 divide 7109154?
True
Is 225847 a multiple of 98?
False
Does 22 divide 43472?
True
Does 37 divide 1324635?
False
Is 175734 a multiple of